o?
13
Let k(y) = -y**2 - 13*y - 2. What is the remainder when k(-12) is divided by 4?
2
Let q(a) = a**3 + 6*a**2 - 6*a - 3. Let t be q(-7). Let s(d) = -d**2 - 12*d - 1. What is the remainder when 75 is divided by s(t)?
18
Suppose 74 = -4*v - 78. Let f = 15 - v. What is the remainder when f is divided by 14?
11
Let o be (9/3*-2)/1. Calculate the remainder when (o/4)/(8/(-80)) is divided by 12 - 2 - (1 + 1).
7
What is the remainder when 2055/60 - (-3)/4 is divided by 19?
16
Suppose 2*z - 2*b = 68, z + 2*b = -z + 64. Suppose -z - 27 = -m. Suppose -j - m = -4*j. What is the remainder when 38 is divided by j?
18
Let z be (2 - 1 - -2) + 2. Suppose -7 + 0 = a - 4*t, -20 = -z*t. Calculate the remainder when 34 is divided by a.
7
Suppose h + 0*h - 44 = 0. Let v be h/3 - (-4)/(-6). Calculate the remainder when 41 is divided by 1*v + 0/(-1).
13
Let k(n) = -2*n - 2. Let q be k(-5). Let m(p) = -1 - 3 + 3*p - 1. What is the remainder when m(q) is divided by 10?
9
Let u be 0 + 0 - 92/4. Let s = 42 + u. What is the remainder when 36 is divided by s?
17
Let q be -1*(-1 - 1) + 1. What is the remainder when (1 + 6)*(-2 + q) is divided by 3?
1
Suppose -3 - 3 = 2*j. Let a = j + 5. Suppose -4*y - 3 = -15, -3*y + 27 = a*l. Calculate the remainder when 26 is divided by l.
8
Let i be 48/22 + 4/(-22). Let j be i/(0/3 - -1). Suppose 3*r - n = 88, -r - 26 = -j*r + n. Calculate the remainder when r is divided by 11.
9
Let h be (-24)/4*(-23)/2. Let l = -41 + h. What is the remainder when l is divided by 15?
13
Let z(f) = 17*f - 4. What is the remainder when z(5) is divided by 14?
11
Suppose 0*x - 4*x = -28. Suppose 0 = -4*z + 4*q + 60, -z + q = -2*z + 11. Calculate the remainder when z is divided by x.
6
Let q = 12 + 20. Suppose 2*g - q = 54. Calculate the remainder when g is divided by 11.
10
Let n = 69 - 56. What is the remainder when n is divided by 10?
3
Let z = -65 - -72. What is the remainder when z is divided by 5?
2
Let c = 14 - 9. Calculate the remainder when c is divided by 4.
1
Let x = -15 + 30. Suppose -l + 6*l - x = 0. Suppose -3*v = -7*v + 28. Calculate the remainder when v is divided by l.
1
Let u(d) = d**2 - d + 4. Calculate the remainder when 45 is divided by u(4).
13
Suppose -19*f + 35 = -12*f. What is the remainder when 22 is divided by f?
2
Calculate the remainder when (-1 + 2)*(5 + 50) is divided by 19.
17
Let y = 44 + -29. Suppose 2*p + 8 = k - 3*p, 2*k - 7 = p. What is the remainder when ((-16)/(-20))/(2/y) is divided by k?
0
Suppose -4*p - p = -2*w - 824, 0 = 4*p + 5*w - 679. What is the remainder when p/10 + (-2)/(-5) is divided by 5?
2
What is the remainder when (978/(-12))/((-1)/2) is divided by 41?
40
Suppose -n - 3 = -2*b, 3*b - 3*n = 2*b - 1. Suppose 0 = -2*d - 0*d - 2*r + 40, 33 = b*d - 5*r. What is the remainder when d is divided by (-16)/(-2)*(-10)/(-8)?
9
Calculate the remainder when 93 is divided by (2/(-4))/(3/6) - -17.
13
Let q(w) = w + 1. Let j(b) = -b**3 + 2*b**2 + 4*b - 4. Let o(z) = j(z) + q(z). Let g = 0 - -4. Calculate the remainder when g is divided by o(3).
1
What is the remainder when 62 is divided by (-9)/(-1) - (-7 + 3)?
10
Let w(g) = 20*g**2 + 1. Suppose -14*f + 18*f = 20. Suppose -3*r = 2*h + 2*h - 26, -f*r - 3*h = -36. What is the remainder when w(1) is divided by r?
3
Let v = -21 + -7. What is the remainder when 40 is divided by (-2)/7 - 400/v?
12
Suppose 0 = 3*a - 2*a - 12. Let x = 21 - 32. Let p = x - -18. What is the remainder when a is divided by p?
5
Suppose 0 = 3*n - 2*n - 10. Suppose -36 = -2*y - 2*q, -2*q = -2*y - 3*y + 90. What is the remainder when y is divided by n?
8
Suppose 0*c + 7 = c. Calculate the remainder when 27 is divided by c.
6
Suppose 0 = 6*d - 2*d - 400. What is the remainder when d is divided by 17?
15
What is the remainder when -1*(3 - 6) - -127 is divided by 33?
31
Let h = 42 + -27. Calculate the remainder when 74 is divided by h.
14
Let s(z) = 2*z**2 - 3*z. Let q be s(2). Calculate the remainder when 115/5 + (-1 - q) is divided by 11.
9
Suppose 0 = 5*b - 3*f - 83, -4*f = 2*b + 3*b - 111. Let m(j) = -j**2 - 13*j - 7. What is the remainder when m(-6) is divided by 0/3 + (b - 1)?
17
Suppose -13*l - 25 = -103. Suppose d - 18 = 3*t - 2, d - t = 12. What is the remainder when d is divided by l?
4
Let v = 5 - 10. What is the remainder when (-40)/6*(-12)/5 is divided by v/(10/(-16)) + -2?
4
Suppose -u - 4*t = -38 + 11, 3*t = u + 1. Calculate the remainder when 43 is divided by u.
10
Suppose -4*v + 176 = 4*p, v - 5*v = p - 29. What is the remainder when p is divided by 10?
9
Suppose 3*i - z - 185 = -i, 4*i = 3*z + 195. Calculate the remainder when i is divided by 12.
9
Suppose 3*z - z + 18 = 3*s, s - 7 = z. Suppose 5*j = -r + 58, -6*r + 2*r + 56 = s*j. What is the remainder when j is divided by 4?
3
Suppose 57 = 5*n - 28. Let b = -83 - -148. Calculate the remainder when b is divided by n.
14
Let q = -61 - -85. Calculate the remainder when 34 is divided by q.
10
Suppose -4*q - 36 = 4. Let b = q - -20. What is the remainder when b is divided by 4?
2
Suppose -532 = 148*k - 152*k. What is the remainder when k is divided by 34?
31
Let l = 29 - -18. Let b = l - 19. Calculate the remainder when b is divided by 42/4 - (-2)/(-4).
8
Suppose 2*k + 6 = -4*s, 0*s - 36 = -4*k + 4*s. Let v(u) = -k + 5*u - 4*u + 2*u. What is the remainder when v(8) is divided by 7?
5
Let g(m) = 3*m**2 - 11*m - 7. Calculate the remainder when 103 is divided by g(6).
33
Suppose 0 = -4*f - 4, 5*u - 5 = -2*f + 33. What is the remainder when 20 is divided by u?
4
Let c = -136 + 143. Let g = 0 - -1. What is the remainder when (1 - 0)/(g/19) is divided by c?
5
Suppose 65*g - 62*g = 60. What is the remainder when g is divided by 7?
6
Let f(t) = -2*t**2 + t + 2. Let i be f(0). Suppose 0 = -i*c + 55 + 3. Calculate the remainder when 55 is divided by c.
26
Let w = -1 - -3. Suppose z = w*g + 80, 243 = 3*z - g - 7. Suppose r + z = 4*r. Calculate the remainder when r is divided by 15.
13
Suppose -3*b - k = -3*k - 270, -2*b + k = -181. Calculate the remainder when b is divided by 12.
8
Let l = 49 + -40. What is the remainder when l is divided by 4?
1
Suppose -4 - 14 = -3*h. Calculate the remainder when 11 is divided by h.
5
Let k(j) = -32*j + 2. What is the remainder when k(-1) is divided by 7?
6
Suppose 0 = 2*d - 4*q + 176, 4*q = 4*d + 266 + 86. Let p = -47 - d. Calculate the remainder when p is divided by 14.
13
Let h = 42 + -34. Calculate the remainder when 45 is divided by h.
5
Let k(q) = 19*q + 1. What is the remainder when 99 is divided by k(1)?
19
Let v be -4 + 8 - (1 - 0). Suppose 8*f - 530 = v*f. What is the remainder when f is divided by 27?
25
Let p(j) = 5*j - 21. Suppose -4*c + 0 = 4*g + 4, -5*g + 35 = -5*c. What is the remainder when p(6) is divided by g?
0
Let q(p) = -p**3 + p**2 - 2*p + 12. Calculate the remainder when 69 is divided by q(0).
9
Let o(k) = k**3 - 8*k**2 - 4*k + 19. Calculate the remainder when o(9) is divided by 6.
4
Suppose 3*p - 6 = 2*p. Let b be 8*(-3 + (-3)/p). Calculate the remainder when (35/4)/((-7)/b) is divided by 18.
17
Suppose -20 = 2*y - 100. Suppose 42 = 8*j - 2*j. What is the remainder when y is divided by j?
5
Let t be -2 + -1 + (-49)/(-7). Suppose -4*u - y + 44 = 0, -t*u + 3*y = y - 44. Calculate the remainder when 21 is divided by u.
10
Let i(q) = 29*q**2 + 2*q + 1. Let d be (-1)/(2/(2/1)). Let z be i(d). Suppose -4*t = -z - 36. What is the remainder when t is divided by 9?
7
Let n = 33 + -27. Calculate the remainder when 16 - (1 + -2)*-1 is divided by n.
3
Suppose -4*g + 13 = -3. Suppose -3*m + 8 = g*h, 0*h + 4*h - 4 = -4*m. Let d(k) = -k**3 + 4*k**2 + 8*k - 6. Calculate the remainder when d(5) is divided by h.
4
Let o(j) = j**2 - 5*j + 2. Let m be (-99)/(-12) + (-1)/4. Calculate the remainder when o(m) is divided by 14.
12
Let b = 79 + -52. What is the remainder when 79 is divided by b?
25
Let v = -9 - -42. Calculate the remainder when 60 is divided by v.
27
Let y(z) = 4*z**2 + 16*z + 4. What is the remainder when 44 is divided by y(-5)?
20
Suppose -9 + 0 = 3*y. Calculate the remainder when 33/y*2*-2 is divided by 15.
14
Let d(n) be the first derivative of n**4/4 - 7*n**3/3 - 7*n**2/2 - 3*n - 3. What is the remainder when 8 is divided by d(8)?
3
Suppose 0 = 32*x - 34*x + 22. Suppose -2*k - l - 4 =